vided by h?
1
Let a = -77 + 86. Suppose -2*k = a - 113. What is the remainder when k is divided by 27?
25
Suppose -102*d + 108 = -96*d. What is the remainder when 174 is divided by d?
12
Suppose 2*o - 168 = -4*p, 6*p - 4*o = -53 + 291. What is the remainder when p is divided by 13?
2
Let i be 3 + 3 + -1 + 12/(-4). Suppose 3*p - 26 = 2*c, -c - 7 = -p + 3. Let l = i + p. Calculate the remainder when 23 is divided by l.
7
Let p be ((-24)/(-18))/(4/18). Calculate the remainder when (-4)/p*(9 + -69) is divided by 9.
4
Let w(u) = -3*u. What is the remainder when 177/2*(-16)/(-24) is divided by w(-7)?
17
Suppose -5*y - 11 = 5*d + 9, 0 = 5*y - 25. Let v(c) = c**3 + 6*c**2 - c + 3. What is the remainder when 6/d*(3 - 39) is divided by v(-6)?
6
Suppose -5*u - 655 = -2*f - 3*f, 3*u = f - 125. Suppose 0*g - 4*q = -2*g + f, 3*q - 77 = -g. Let m = g - 11. What is the remainder when m is divided by 16?
12
Let l(h) = 2*h**2 + 5*h - 3. Suppose 2*k = 3*d - 18, -3*k = -d + 4*d - 3. What is the remainder when l(-4) is divided by d?
1
Let x = 105 + -102. Calculate the remainder when 20 is divided by x.
2
Suppose -k - 13 = 5. Let v = k + 27. What is the remainder when 25 is divided by v?
7
Let h(f) = 2*f - 7. Let b be h(6). Suppose o - 25 = -x, b*o - 80 = o + x. Let d = -12 + o. What is the remainder when 26 is divided by d?
8
Let p be (-2)/(-9) + 40/(-18). Let x be (-1143)/45 + p/(-5). Let v = 4 - x. What is the remainder when v is divided by 10?
9
Suppose 6*g - 2*g + 4 = 0. Let s be -6*g/(-2) - -3. Suppose -p + 0*y - y + 44 = 0, 2*p - 5*y - 95 = s. What is the remainder when p is divided by 16?
13
Suppose 4880 = 26*b - 2400. What is the remainder when b is divided by 89?
13
What is the remainder when 85 is divided by (15/12)/5 - 309/(-12)?
7
What is the remainder when 247 is divided by (1 + 5 - -1) + 56?
58
Let i(q) be the second derivative of -q**4/12 + 2*q**3 - 7*q**2/2 + 4*q. Let f = -11 - -21. What is the remainder when 25 is divided by i(f)?
12
Suppose -99 + 27 = -6*b. Suppose 2*f = -b*f + 3318. Calculate the remainder when f is divided by 16.
13
Let f(u) = u**3 + 6*u**2 - 5*u + 18. What is the remainder when 8 is divided by f(-7)?
0
Let u = 3 - 1. What is the remainder when (-42)/(-2)*1/3*1 is divided by u?
1
Let p = 25 + -8. Suppose 92 = p*i - 13*i. Calculate the remainder when 89 is divided by i.
20
Let y(c) be the second derivative of 11*c**3/6 - c**2/2 - 7*c. What is the remainder when 82 is divided by y(2)?
19
Let n(p) = 3*p**3 - 7*p**2 + 16*p - 6. What is the remainder when n(4) is divided by 39?
21
Suppose 2*m + 39 = -11. Let p = m - -78. Let u = -19 - -33. Calculate the remainder when p is divided by u.
11
Let g(i) = -i**3 - 3*i**2 - 5*i - 6. Suppose -11*x = -15*x. Suppose 4*c + 3*a - 39 = x, -1 = -a - 4. Calculate the remainder when g(-5) is divided by c.
9
Suppose -61*p + 5*b = -56*p - 80, -2*p + 29 = -3*b. Calculate the remainder when (1 + -3)*(-31 - -4) is divided by p.
16
Let l be 13 + -1*(-1)/(-1). Suppose -5*v - 4*w = 33, 4*w - 7*w = 3*v + 18. Let p = v + l. What is the remainder when 3 is divided by p?
0
What is the remainder when 86 is divided by 14 + (-36)/(-44) + (-14)/(-77)?
11
Let s(u) = u**3 - 4*u**2 - 5*u + 48. What is the remainder when s(5) is divided by 20?
8
Suppose 15 = 3*z, 0 = a - 3*z - 4 + 5. Suppose 5*i - a = 3*i. Calculate the remainder when 25 is divided by i.
4
Let q = 214 + -161. Calculate the remainder when q is divided by 20.
13
Suppose 5*f + 53 - 13 = 0. Let x(p) = -p**3 - 7*p**2 + 7*p + 4. What is the remainder when 83 is divided by x(f)?
11
Let g = -1551 + 1582. Calculate the remainder when g is divided by 17.
14
Let i be (-3)/(-12) + 0 + (-465)/20. Let h = -18 - i. Calculate the remainder when 18 is divided by h.
3
Let o(a) = 2*a**2 + 18*a + 45. Calculate the remainder when 196 is divided by o(-6).
7
Let c(p) = 13*p + 20. Let n(b) = -4*b - 7. Let d(v) = -6*c(v) - 17*n(v). Calculate the remainder when d(-6) is divided by 20.
19
Suppose -2*r + 5*v = -4*r + 23, -1 = v. What is the remainder when 43 + ((-4)/(-8)*-10)/1 is divided by r?
10
Suppose 0 = -0*d + 2*d - 198. Let i = -87 + d. What is the remainder when 83 is divided by i?
11
Let b(x) = -x**3 - 12*x**2 + 11*x + 4. Let h be 2/(-3)*36/(-8). Suppose 2*f + 5*g = 41, -2 = h*f + 3*g - 41. What is the remainder when b(-13) is divided by f?
6
Let a be -5 - -4 - (-6 + 1) - -1. What is the remainder when 22 is divided by (5 - 2)/3*a?
2
Let n(h) = h**2 + 0*h**2 + 7 - 4. What is the remainder when 6/(-2)*4/(-3) is divided by n(0)?
1
Calculate the remainder when 326 is divided by (-425)/(-9) + 10/90*-2.
44
Let a = 653 - 596. Calculate the remainder when 98 is divided by a.
41
Let p(g) = -7*g**2 - g + 3. Let k be p(-2). What is the remainder when 35/(-105) - (-14)/(-3)*k is divided by (2/(-4))/((-2)/108)?
26
Suppose 12 = -9*s + 3. Calculate the remainder when 29 is divided by -1 - -5 - s - -3.
5
Suppose 5*a - 90 = 5*s, a = 4*s - s + 58. What is the remainder when 88 is divided by (-20 - 0)/((s/6)/5)?
28
Let w be (-2)/6 - 2395/(-30)*-2. Let b = -127 - w. What is the remainder when b is divided by 4?
1
Let j = 648 + -438. Calculate the remainder when ((-3)/(-9))/(2/j) is divided by 18.
17
Let i(q) = 14*q**2 - 48*q + 8. Calculate the remainder when i(4) is divided by 21.
19
Suppose 0 = 5*m - 138 - 2. Suppose 5*n + 5*n - 72 = 2*n. Calculate the remainder when m is divided by n.
1
Let x = 1315 - 816. Calculate the remainder when x is divided by 14.
9
Let x(m) = -3*m - 58. Let i be x(-17). Let o = i + 62. What is the remainder when o is divided by 28?
27
Let s(g) = 4*g - 50. Let n = -7 + 15. Calculate the remainder when s(26) is divided by n.
6
Let j(b) be the second derivative of -b**3/6 - b. Suppose -3*s + 0*s - 6 = 0. Calculate the remainder when j(s) is divided by 2.
0
Suppose -2*z = 3*z + 325. Let d = z + 132. What is the remainder when d is divided by 14?
11
Let h = 162 - 152. Let l = 38 + 27. Suppose 5*g - 20 - l = 0. Calculate the remainder when g is divided by h.
7
Suppose -3*r = 2*c - 119, -201 = -5*r + c - 3*c. Suppose 3*n = 22 + r. What is the remainder when n is divided by (-502)/(-46) - (10 + (-3016)/299)?
10
Suppose -5*c + c - 5*v + 684 = 0, -372 = -2*c + 5*v. What is the remainder when c is divided by 65?
46
Let u(r) = -r**3 + 7*r**2 - 7*r + 7. Let v be u(6). Suppose v - 11 = -5*b. Let w = 12 + b. What is the remainder when 55 is divided by w?
13
Let h be 5 + 3/(-1)*1. Suppose 0 = h*g + 3*u - 44, -5*u + u + 32 = g. Suppose -6*t + 4*t + 122 = 0. What is the remainder when t is divided by g?
13
Let t = -24 + 30. Let h be 17*(-2 - (1 - 4)). Suppose 4*v - 2*k + k = h, -4*k = v. Calculate the remainder when t is divided by v.
2
Suppose 3*s + 10*x = 5*x + 210, 0 = -2*s - x + 133. Calculate the remainder when s is divided by 10.
5
Let i be 8/4*(-198)/12. Let g be 3/2*(-110)/i. Suppose g*t - 32 = -5*n + 53, -64 = -4*t - 3*n. What is the remainder when 37 is divided by t?
11
Suppose 0*c - 174 = -6*c. Suppose -109 = -4*j + 227. Calculate the remainder when j is divided by c.
26
Let t = -14 + 25. Let c(b) = -7*b - 14. What is the remainder when c(-5) is divided by t?
10
Let j(g) = g**3 + 16*g**2 - 35*g + 36. Calculate the remainder when 65 is divided by j(-18).
11
Let k(q) = -37*q**2 + 2*q. Let t be k(1). Let d = 50 + t. What is the remainder when 1 + 5/((-10)/(-112)) is divided by d?
12
Let v(x) = x**3 - 16*x**2 + 20*x - 18. Let t = 11 - -18. What is the remainder when v(15) is divided by t?
28
Calculate the remainder when 788 is divided by 79 - ((-63)/(-84) + (-6)/8).
77
Calculate the remainder when (-4)/14 + (-2636)/(-14) is divided by 99.
89
Suppose 0 = -0*q - 5*q + 65. What is the remainder when q is divided by 2?
1
Suppose -270 = -3*v - 3*j, -j + 366 = 4*v - 0*j. What is the remainder when v is divided by 12?
8
Let k be 4/14 + (-519)/(-21). Let v = k - -17. Suppose v = 4*h - 10. Calculate the remainder when 35 is divided by h.
9
Calculate the remainder when (0 - 4/(-3))*27 is divided by (12/8)/((-27)/(-180)).
6
Let z = 40 + -18. Let a = -1412 + 1585. Calculate the remainder when a is divided by z.
19
Let d(q) = q**3 + 10*q**2 - 11*q + 2. Let g be d(-11). Suppose 2 = -g*s + 22. What is the remainder when 45 is divided by s?
5
Suppose 14*f - 12*f - 36 = 0. Suppose 140